{"id":154,"date":"2025-05-19T09:05:28","date_gmt":"2025-05-19T09:05:28","guid":{"rendered":"https:\/\/sengroup.ihateyour.cloud\/?page_id=154"},"modified":"2025-05-27T14:17:02","modified_gmt":"2025-05-27T14:17:02","slug":"servizi","status":"publish","type":"page","link":"https:\/\/sengroup.ihateyour.cloud\/?page_id=154","title":{"rendered":"Servizi"},"content":{"rendered":"\n<div class=\"wp-block-group alignfull has-background has-global-padding is-layout-constrained wp-container-core-group-is-layout-85df1735 wp-block-group-is-layout-constrained\" style=\"background-color:#f6f6f6;padding-top:var(--wp--preset--spacing--30);padding-right:var(--wp--preset--spacing--60);padding-bottom:var(--wp--preset--spacing--30);padding-left:var(--wp--preset--spacing--60)\">\n<p class=\"has-text-align-center has-text-color has-link-color has-x-large-font-size wp-elements-8ca04f153eabd37cdea61d69779b4c4a\" style=\"color:#2b558d\"><strong>I NOSTRI SERVIZI<\/strong><\/p>\n\n\n\n<div class=\"wp-block-group alignfull is-content-justification-center is-nowrap is-layout-flex wp-container-core-group-is-layout-23441af8 wp-block-group-is-layout-flex\">\n<div class=\"wp-block-group has-background has-global-padding is-layout-constrained wp-container-core-group-is-layout-52009084 wp-block-group-is-layout-constrained\" style=\"border-radius:18px;background-color:#2b558d;padding-top:var(--wp--preset--spacing--40);padding-right:var(--wp--preset--spacing--40);padding-bottom:var(--wp--preset--spacing--40);padding-left:var(--wp--preset--spacing--40)\">\n<figure class=\"wp-block-image size-full is-resized\"><img loading=\"lazy\" decoding=\"async\" width=\"600\" height=\"400\" src=\"https:\/\/sengroup.ihateyour.cloud\/wp-content\/uploads\/2025\/03\/2.webp\" alt=\"\" class=\"wp-image-99\" style=\"aspect-ratio:1.7777777777777777;object-fit:cover;width:261px;height:auto\" srcset=\"https:\/\/sengroup.ihateyour.cloud\/wp-content\/uploads\/2025\/03\/2.webp 600w, https:\/\/sengroup.ihateyour.cloud\/wp-content\/uploads\/2025\/03\/2-300x200.webp 300w\" sizes=\"auto, (max-width: 600px) 100vw, 600px\" \/><\/figure>\n\n\n\n<p class=\"has-text-color has-link-color wp-elements-6f6bf7ba72a96aa6110360059a8d5b51\" style=\"color:#fede39\">Telecomunicazioni<\/p>\n\n\n\n<p class=\"has-base-color has-text-color has-link-color has-medium-font-size wp-elements-f1e6425dacbab7142d5f221bb367439b\"><a href=\"https:\/\/sengroup.ihateyour.cloud\/?page_id=158\" data-type=\"page\" data-id=\"158\">Scopri di pi\u00f9<\/a><\/p>\n<\/div>\n\n\n\n<div class=\"wp-block-group has-background has-global-padding is-layout-constrained wp-container-core-group-is-layout-52009084 wp-block-group-is-layout-constrained\" style=\"border-radius:18px;background-color:#2b558d;padding-top:var(--wp--preset--spacing--40);padding-right:var(--wp--preset--spacing--40);padding-bottom:var(--wp--preset--spacing--40);padding-left:var(--wp--preset--spacing--40)\">\n<figure class=\"wp-block-image size-full is-resized\"><img loading=\"lazy\" decoding=\"async\" width=\"640\" height=\"427\" src=\"http:\/\/sengroup.ihateyour.cloud\/wp-content\/uploads\/2025\/05\/energia.jpg\" alt=\"\" class=\"wp-image-88\" style=\"aspect-ratio:1.7777777777777777;object-fit:cover;width:261px;height:auto\" srcset=\"https:\/\/sengroup.ihateyour.cloud\/wp-content\/uploads\/2025\/05\/energia.jpg 640w, https:\/\/sengroup.ihateyour.cloud\/wp-content\/uploads\/2025\/05\/energia-300x200.jpg 300w\" sizes=\"auto, (max-width: 640px) 100vw, 640px\" \/><\/figure>\n\n\n\n<p class=\"has-text-color has-link-color wp-elements-4d48260afd8a76cd712f445f6bd20161\" style=\"color:#fede39\">Energia<\/p>\n\n\n\n<p class=\"has-base-color has-text-color has-link-color has-medium-font-size wp-elements-a27dd3397a99e0c0d616d4a652f30783\"><a href=\"https:\/\/sengroup.ihateyour.cloud\/?page_id=160\" data-type=\"page\" data-id=\"160\">Scopri di pi\u00f9<\/a><\/p>\n<\/div>\n\n\n\n<div class=\"wp-block-group has-background has-global-padding is-layout-constrained wp-container-core-group-is-layout-52009084 wp-block-group-is-layout-constrained\" style=\"border-radius:18px;background-color:#2b558d;padding-top:var(--wp--preset--spacing--40);padding-right:var(--wp--preset--spacing--40);padding-bottom:var(--wp--preset--spacing--40);padding-left:var(--wp--preset--spacing--40)\">\n<figure class=\"wp-block-image size-full is-resized\"><img loading=\"lazy\" decoding=\"async\" width=\"1312\" height=\"736\" src=\"http:\/\/sengroup.ihateyour.cloud\/wp-content\/uploads\/2025\/05\/rack.jpeg\" alt=\"\" class=\"wp-image-93\" style=\"aspect-ratio:1.7777777777777777;object-fit:cover;width:261px;height:auto\" srcset=\"https:\/\/sengroup.ihateyour.cloud\/wp-content\/uploads\/2025\/05\/rack.jpeg 1312w, https:\/\/sengroup.ihateyour.cloud\/wp-content\/uploads\/2025\/05\/rack-300x168.jpeg 300w, https:\/\/sengroup.ihateyour.cloud\/wp-content\/uploads\/2025\/05\/rack-1024x574.jpeg 1024w, https:\/\/sengroup.ihateyour.cloud\/wp-content\/uploads\/2025\/05\/rack-768x431.jpeg 768w\" sizes=\"auto, (max-width: 1312px) 100vw, 1312px\" \/><\/figure>\n\n\n\n<p class=\"has-text-color has-link-color wp-elements-b33df60bddaf510f1ead574162941998\" style=\"color:#fede39\">Servizi ICT<\/p>\n\n\n\n<p class=\"has-base-color has-text-color has-link-color has-medium-font-size wp-elements-af49843a89bd38e7dd8126dc8fbdd25c\"><a href=\"https:\/\/sengroup.ihateyour.cloud\/?page_id=162\" data-type=\"page\" data-id=\"162\">Scopri di pi\u00f9<\/a><\/p>\n<\/div>\n\n\n\n<div class=\"wp-block-group has-background has-global-padding is-layout-constrained wp-container-core-group-is-layout-52009084 wp-block-group-is-layout-constrained\" style=\"border-radius:18px;background-color:#2b558d;padding-top:var(--wp--preset--spacing--40);padding-right:var(--wp--preset--spacing--40);padding-bottom:var(--wp--preset--spacing--40);padding-left:var(--wp--preset--spacing--40)\">\n<figure class=\"wp-block-image size-full is-resized\"><img loading=\"lazy\" decoding=\"async\" width=\"640\" height=\"427\" src=\"http:\/\/sengroup.ihateyour.cloud\/wp-content\/uploads\/2025\/05\/formazione.jpg\" alt=\"\" class=\"wp-image-90\" style=\"aspect-ratio:1.7777777777777777;object-fit:cover;width:261px;height:auto\" srcset=\"https:\/\/sengroup.ihateyour.cloud\/wp-content\/uploads\/2025\/05\/formazione.jpg 640w, https:\/\/sengroup.ihateyour.cloud\/wp-content\/uploads\/2025\/05\/formazione-300x200.jpg 300w\" sizes=\"auto, (max-width: 640px) 100vw, 640px\" \/><\/figure>\n\n\n\n<p class=\"has-text-color has-link-color wp-elements-68dde18d74ccbe4a648cca66d40d82fb\" style=\"color:#fede39\">Formazione<\/p>\n\n\n\n<p class=\"has-base-color has-text-color has-link-color has-medium-font-size wp-elements-99eba5ac99cad00115d245833aa267f4\"><a href=\"https:\/\/sengroup.ihateyour.cloud\/?page_id=164\" data-type=\"page\" data-id=\"164\">Scopri di pi\u00f9<\/a><\/p>\n<\/div>\n<\/div>\n<\/div>\n","protected":false},"excerpt":{"rendered":"<p>I NOSTRI SERVIZI Telecomunicazioni Scopri di pi\u00f9 Energia Scopri di pi\u00f9 Servizi ICT Scopri di pi\u00f9 Formazione Scopri di pi\u00f9<\/p>\n","protected":false},"author":1,"featured_media":0,"parent":0,"menu_order":0,"comment_status":"closed","ping_status":"closed","template":"","meta":{"footnotes":""},"class_list":["post-154","page","type-page","status-publish","hentry"],"_links":{"self":[{"href":"https:\/\/sengroup.ihateyour.cloud\/index.php?rest_route=\/wp\/v2\/pages\/154","targetHints":{"allow":["GET"]}}],"collection":[{"href":"https:\/\/sengroup.ihateyour.cloud\/index.php?rest_route=\/wp\/v2\/pages"}],"about":[{"href":"https:\/\/sengroup.ihateyour.cloud\/index.php?rest_route=\/wp\/v2\/types\/page"}],"author":[{"embeddable":true,"href":"https:\/\/sengroup.ihateyour.cloud\/index.php?rest_route=\/wp\/v2\/users\/1"}],"replies":[{"embeddable":true,"href":"https:\/\/sengroup.ihateyour.cloud\/index.php?rest_route=%2Fwp%2Fv2%2Fcomments&post=154"}],"version-history":[{"count":3,"href":"https:\/\/sengroup.ihateyour.cloud\/index.php?rest_route=\/wp\/v2\/pages\/154\/revisions"}],"predecessor-version":[{"id":236,"href":"https:\/\/sengroup.ihateyour.cloud\/index.php?rest_route=\/wp\/v2\/pages\/154\/revisions\/236"}],"wp:attachment":[{"href":"https:\/\/sengroup.ihateyour.cloud\/index.php?rest_route=%2Fwp%2Fv2%2Fmedia&parent=154"}],"curies":[{"name":"wp","href":"https:\/\/api.w.org\/{rel}","templated":true}]}}